[INFO] cloning repository https://github.com/MWATelescope/rust-aoflagger
[INFO] running `Command { std: "git" "-c" "credential.helper=" "-c" "credential.helper=/workspace/cargo-home/bin/git-credential-null" "clone" "--bare" "https://github.com/MWATelescope/rust-aoflagger" "/workspace/cache/git-repos/https%3A%2F%2Fgithub.com%2FMWATelescope%2Frust-aoflagger", kill_on_drop: false }`
[INFO] [stderr] Cloning into bare repository '/workspace/cache/git-repos/https%3A%2F%2Fgithub.com%2FMWATelescope%2Frust-aoflagger'...
[INFO] running `Command { std: "git" "rev-parse" "HEAD", kill_on_drop: false }`
[INFO] [stdout] 53502b11437fad6dd35d661076fb896e17a83c1f
[INFO] checking MWATelescope/rust-aoflagger against master#e6e4f7ed1589e03bc2f6c5931c1a72e7947e8682 for beta-170-4
[INFO] running `Command { std: "git" "clone" "/workspace/cache/git-repos/https%3A%2F%2Fgithub.com%2FMWATelescope%2Frust-aoflagger" "/workspace/builds/worker-3-tc2/source", kill_on_drop: false }`
[INFO] [stderr] Cloning into '/workspace/builds/worker-3-tc2/source'...
[INFO] [stderr] done.
[INFO] validating manifest of git repo https://github.com/MWATelescope/rust-aoflagger on toolchain e6e4f7ed1589e03bc2f6c5931c1a72e7947e8682
[INFO] running `Command { std: CARGO_HOME="/workspace/cargo-home" RUSTUP_HOME="/workspace/rustup-home" "/workspace/cargo-home/bin/cargo" "+e6e4f7ed1589e03bc2f6c5931c1a72e7947e8682" "metadata" "--manifest-path" "Cargo.toml" "--no-deps", kill_on_drop: false }`
[INFO] started tweaking git repo https://github.com/MWATelescope/rust-aoflagger
[INFO] finished tweaking git repo https://github.com/MWATelescope/rust-aoflagger
[INFO] tweaked toml for git repo https://github.com/MWATelescope/rust-aoflagger written to /workspace/builds/worker-3-tc2/source/Cargo.toml
[INFO] crate git repo https://github.com/MWATelescope/rust-aoflagger already has a lockfile, it will not be regenerated
[INFO] running `Command { std: CARGO_HOME="/workspace/cargo-home" RUSTUP_HOME="/workspace/rustup-home" "/workspace/cargo-home/bin/cargo" "+e6e4f7ed1589e03bc2f6c5931c1a72e7947e8682" "fetch" "--manifest-path" "Cargo.toml", kill_on_drop: false }`
[INFO] running `Command { std: "docker" "create" "-v" "/var/lib/crater-agent-workspace/builds/worker-3-tc2/target:/opt/rustwide/target:rw,Z" "-v" "/var/lib/crater-agent-workspace/builds/worker-3-tc2/source:/opt/rustwide/workdir:ro,Z" "-v" "/var/lib/crater-agent-workspace/cargo-home:/opt/rustwide/cargo-home:ro,Z" "-v" "/var/lib/crater-agent-workspace/rustup-home:/opt/rustwide/rustup-home:ro,Z" "-e" "SOURCE_DIR=/opt/rustwide/workdir" "-e" "CARGO_TARGET_DIR=/opt/rustwide/target" "-e" "CARGO_HOME=/opt/rustwide/cargo-home" "-e" "RUSTUP_HOME=/opt/rustwide/rustup-home" "-w" "/opt/rustwide/workdir" "-m" "1610612736" "--user" "0:0" "--network" "none" "ghcr.io/rust-lang/crates-build-env/linux@sha256:19e73879b68f455e41552ea35293514db52ea292d993f571636dbffedb77a1ee" "/opt/rustwide/cargo-home/bin/cargo" "+e6e4f7ed1589e03bc2f6c5931c1a72e7947e8682" "metadata" "--no-deps" "--format-version=1", kill_on_drop: false }`
[INFO] [stdout] 0c3e67fc77f561df1d14534ed2745fbadabb5781418d107b6bd27334e52b9c46
[INFO] running `Command { std: "docker" "start" "-a" "0c3e67fc77f561df1d14534ed2745fbadabb5781418d107b6bd27334e52b9c46", kill_on_drop: false }`
[INFO] running `Command { std: "docker" "inspect" "0c3e67fc77f561df1d14534ed2745fbadabb5781418d107b6bd27334e52b9c46", kill_on_drop: false }`
[INFO] running `Command { std: "docker" "rm" "-f" "0c3e67fc77f561df1d14534ed2745fbadabb5781418d107b6bd27334e52b9c46", kill_on_drop: false }`
[INFO] [stdout] 0c3e67fc77f561df1d14534ed2745fbadabb5781418d107b6bd27334e52b9c46
[INFO] running `Command { std: "docker" "create" "-v" "/var/lib/crater-agent-workspace/builds/worker-3-tc2/target:/opt/rustwide/target:rw,Z" "-v" "/var/lib/crater-agent-workspace/builds/worker-3-tc2/source:/opt/rustwide/workdir:ro,Z" "-v" "/var/lib/crater-agent-workspace/cargo-home:/opt/rustwide/cargo-home:ro,Z" "-v" "/var/lib/crater-agent-workspace/rustup-home:/opt/rustwide/rustup-home:ro,Z" "-e" "SOURCE_DIR=/opt/rustwide/workdir" "-e" "CARGO_TARGET_DIR=/opt/rustwide/target" "-e" "CARGO_INCREMENTAL=0" "-e" "RUST_BACKTRACE=full" "-e" "RUSTFLAGS=--cap-lints=forbid" "-e" "RUSTDOCFLAGS=--cap-lints=forbid" "-e" "CARGO_HOME=/opt/rustwide/cargo-home" "-e" "RUSTUP_HOME=/opt/rustwide/rustup-home" "-w" "/opt/rustwide/workdir" "-m" "1610612736" "--user" "0:0" "--network" "none" "ghcr.io/rust-lang/crates-build-env/linux@sha256:19e73879b68f455e41552ea35293514db52ea292d993f571636dbffedb77a1ee" "/opt/rustwide/cargo-home/bin/cargo" "+e6e4f7ed1589e03bc2f6c5931c1a72e7947e8682" "check" "--frozen" "--all" "--all-targets" "--message-format=json", kill_on_drop: false }`
[INFO] [stdout] e2dc0781e4088fc480b133f05d853116bafb6dfbb352e968ea23af3b9a538bc8
[INFO] running `Command { std: "docker" "start" "-a" "e2dc0781e4088fc480b133f05d853116bafb6dfbb352e968ea23af3b9a538bc8", kill_on_drop: false }`
[INFO] [stderr]    Compiling libc v0.2.101
[INFO] [stderr]    Compiling proc-macro2 v1.0.29
[INFO] [stderr]    Compiling syn v1.0.75
[INFO] [stderr]    Compiling scratch v1.0.0
[INFO] [stderr]    Compiling unicode-width v0.1.8
[INFO] [stderr]    Compiling cxxbridge-flags v1.0.54
[INFO] [stderr]    Compiling termcolor v1.1.2
[INFO] [stderr]    Compiling codespan-reporting v0.11.1
[INFO] [stderr]    Compiling quote v1.0.9
[INFO] [stderr]    Compiling jobserver v0.1.24
[INFO] [stderr]    Compiling cc v1.0.69
[INFO] [stderr]    Compiling link-cplusplus v1.0.5
[INFO] [stderr]    Compiling cxx v1.0.54
[INFO] [stderr]    Compiling cxx-build v1.0.54
[INFO] [stderr]    Compiling cxxbridge-macro v1.0.54
[INFO] [stderr]    Compiling aoflagger_sys v0.1.1 (/opt/rustwide/workdir)
[INFO] [stderr] The following warnings were emitted during compilation:
[INFO] [stderr] 
[INFO] [stderr] warning: In file included from /opt/rustwide/target/debug/build/aoflagger_sys-e1a59e7e7506a32b/out/cxxbridge/sources/aoflagger_sys/src/cxx_aoflagger.rs.cc:1:
[INFO] [stderr] warning: /opt/rustwide/target/debug/build/aoflagger_sys-e1a59e7e7506a32b/out/cxxbridge/crate/aoflagger_sys/include/cxx_aoflagger.h:4:10: fatal error: aoflagger.h: No such file or directory
[INFO] [stderr] warning:     4 | #include <aoflagger.h>
[INFO] [stderr] warning:       |          ^~~~~~~~~~~~~
[INFO] [stderr] warning: compilation terminated.
[INFO] [stderr] warning: In file included from src/cxx_aoflagger.cc:1:
[INFO] [stderr] warning: /opt/rustwide/target/debug/build/aoflagger_sys-e1a59e7e7506a32b/out/cxxbridge/crate/aoflagger_sys/include/cxx_aoflagger.h:4:10: fatal error: aoflagger.h: No such file or directory
[INFO] [stderr] warning:     4 | #include <aoflagger.h>
[INFO] [stderr] warning:       |          ^~~~~~~~~~~~~
[INFO] [stderr] warning: compilation terminated.
[INFO] [stderr] 
[INFO] [stderr] error: failed to run custom build command for `aoflagger_sys v0.1.1 (/opt/rustwide/workdir)`
[INFO] [stderr] note: To improve backtraces for build dependencies, set the CARGO_PROFILE_DEV_BUILD_OVERRIDE_DEBUG=true environment variable to enable debug information generation.
[INFO] [stderr] 
[INFO] [stderr] Caused by:
[INFO] [stderr]   process didn't exit successfully: `/opt/rustwide/target/debug/build/aoflagger_sys-dd9b2658de098547/build-script-build` (exit status: 1)
[INFO] [stderr]   --- stdout
[INFO] [stderr]   cargo:rustc-cfg=verbose
[INFO] [stderr]   cargo:CXXBRIDGE_PREFIX=aoflagger_sys
[INFO] [stderr]   cargo:CXXBRIDGE_LINKS=aoflagger
[INFO] [stderr]   cargo:CXXBRIDGE_DIR0=/opt/rustwide/target/debug/build/aoflagger_sys-e1a59e7e7506a32b/out/cxxbridge/include
[INFO] [stderr]   cargo:CXXBRIDGE_DIR1=/opt/rustwide/target/debug/build/aoflagger_sys-e1a59e7e7506a32b/out/cxxbridge/crate
[INFO] [stderr]   TARGET = Some("x86_64-unknown-linux-gnu")
[INFO] [stderr]   OPT_LEVEL = Some("0")
[INFO] [stderr]   HOST = Some("x86_64-unknown-linux-gnu")
[INFO] [stderr]   CXX_x86_64-unknown-linux-gnu = None
[INFO] [stderr]   CXX_x86_64_unknown_linux_gnu = None
[INFO] [stderr]   HOST_CXX = None
[INFO] [stderr]   CXX = None
[INFO] [stderr]   CXXFLAGS_x86_64-unknown-linux-gnu = None
[INFO] [stderr]   CXXFLAGS_x86_64_unknown_linux_gnu = None
[INFO] [stderr]   HOST_CXXFLAGS = None
[INFO] [stderr]   CXXFLAGS = None
[INFO] [stderr]   CRATE_CC_NO_DEFAULTS = None
[INFO] [stderr]   DEBUG = Some("true")
[INFO] [stderr]   CARGO_CFG_TARGET_FEATURE = Some("fxsr,sse,sse2")
[INFO] [stderr]   CXX_x86_64-unknown-linux-gnu = None
[INFO] [stderr]   CXX_x86_64_unknown_linux_gnu = None
[INFO] [stderr]   HOST_CXX = None
[INFO] [stderr]   CXX = None
[INFO] [stderr]   CXXFLAGS_x86_64-unknown-linux-gnu = None
[INFO] [stderr]   CXXFLAGS_x86_64_unknown_linux_gnu = None
[INFO] [stderr]   HOST_CXXFLAGS = None
[INFO] [stderr]   CXXFLAGS = None
[INFO] [stderr]   CRATE_CC_NO_DEFAULTS = None
[INFO] [stderr]   CARGO_CFG_TARGET_FEATURE = Some("fxsr,sse,sse2")
[INFO] [stderr]   CXX_x86_64-unknown-linux-gnu = None
[INFO] [stderr]   CXX_x86_64_unknown_linux_gnu = None
[INFO] [stderr]   HOST_CXX = None
[INFO] [stderr]   CXX = None
[INFO] [stderr]   CXXFLAGS_x86_64-unknown-linux-gnu = None
[INFO] [stderr]   CXXFLAGS_x86_64_unknown_linux_gnu = None
[INFO] [stderr]   HOST_CXXFLAGS = None
[INFO] [stderr]   CXXFLAGS = None
[INFO] [stderr]   CRATE_CC_NO_DEFAULTS = None
[INFO] [stderr]   CARGO_CFG_TARGET_FEATURE = Some("fxsr,sse,sse2")
[INFO] [stderr]   CXX_x86_64-unknown-linux-gnu = None
[INFO] [stderr]   CXX_x86_64_unknown_linux_gnu = None
[INFO] [stderr]   HOST_CXX = None
[INFO] [stderr]   CXX = None
[INFO] [stderr]   CXXFLAGS_x86_64-unknown-linux-gnu = None
[INFO] [stderr]   CXXFLAGS_x86_64_unknown_linux_gnu = None
[INFO] [stderr]   HOST_CXXFLAGS = None
[INFO] [stderr]   CXXFLAGS = None
[INFO] [stderr]   CRATE_CC_NO_DEFAULTS = None
[INFO] [stderr]   CARGO_CFG_TARGET_FEATURE = Some("fxsr,sse,sse2")
[INFO] [stderr]   running: "c++" "-O0" "-ffunction-sections" "-fdata-sections" "-fPIC" "-g" "-fno-omit-frame-pointer" "-m64" "-I" "/opt/rustwide/target/debug/build/aoflagger_sys-e1a59e7e7506a32b/out/cxxbridge/include" "-I" "/opt/rustwide/target/debug/build/aoflagger_sys-e1a59e7e7506a32b/out/cxxbridge/crate" "-Wall" "-Wextra" "-std=c++11" "-Wno-nonportable-include-path" "-Wno-unused-parameter" "-o" "/opt/rustwide/target/debug/build/aoflagger_sys-e1a59e7e7506a32b/out/cxxbridge/sources/aoflagger_sys/src/cxx_aoflagger.rs.o" "-c" "/opt/rustwide/target/debug/build/aoflagger_sys-e1a59e7e7506a32b/out/cxxbridge/sources/aoflagger_sys/src/cxx_aoflagger.rs.cc"
[INFO] [stderr]   running: "c++" "-O0" "-ffunction-sections" "-fdata-sections" "-fPIC" "-g" "-fno-omit-frame-pointer" "-m64" "-I" "/opt/rustwide/target/debug/build/aoflagger_sys-e1a59e7e7506a32b/out/cxxbridge/include" "-I" "/opt/rustwide/target/debug/build/aoflagger_sys-e1a59e7e7506a32b/out/cxxbridge/crate" "-Wall" "-Wextra" "-std=c++11" "-Wno-nonportable-include-path" "-Wno-unused-parameter" "-o" "/opt/rustwide/target/debug/build/aoflagger_sys-e1a59e7e7506a32b/out/src/cxx_aoflagger.o" "-c" "src/cxx_aoflagger.cc"
[INFO] [stderr]   cargo:warning=In file included from /opt/rustwide/target/debug/build/aoflagger_sys-e1a59e7e7506a32b/out/cxxbridge/sources/aoflagger_sys/src/cxx_aoflagger.rs.cc:1:
[INFO] [stderr]   cargo:warning=/opt/rustwide/target/debug/build/aoflagger_sys-e1a59e7e7506a32b/out/cxxbridge/crate/aoflagger_sys/include/cxx_aoflagger.h:4:10: fatal error: aoflagger.h: No such file or directory
[INFO] [stderr]   cargo:warning=    4 | #include <aoflagger.h>
[INFO] [stderr]   cargo:warning=      |          ^~~~~~~~~~~~~
[INFO] [stderr]   cargo:warning=compilation terminated.
[INFO] [stderr]   cargo:warning=In file included from src/cxx_aoflagger.cc:1:
[INFO] [stderr]   cargo:warning=/opt/rustwide/target/debug/build/aoflagger_sys-e1a59e7e7506a32b/out/cxxbridge/crate/aoflagger_sys/include/cxx_aoflagger.h:4:10: fatal error: aoflagger.h: No such file or directory
[INFO] [stderr]   cargo:warning=    4 | #include <aoflagger.h>
[INFO] [stderr]   cargo:warning=      |          ^~~~~~~~~~~~~
[INFO] [stderr]   cargo:warning=compilation terminated.
[INFO] [stderr]   exit status: 1
[INFO] [stderr]   exit status: 1
[INFO] [stderr] 
[INFO] [stderr]   --- stderr
[INFO] [stderr] 
[INFO] [stderr]   CXX include path:
[INFO] [stderr]     /opt/rustwide/target/debug/build/aoflagger_sys-e1a59e7e7506a32b/out/cxxbridge/include
[INFO] [stderr]     /opt/rustwide/target/debug/build/aoflagger_sys-e1a59e7e7506a32b/out/cxxbridge/crate
[INFO] [stderr] 
[INFO] [stderr] 
[INFO] [stderr]   error occurred: Command "c++" "-O0" "-ffunction-sections" "-fdata-sections" "-fPIC" "-g" "-fno-omit-frame-pointer" "-m64" "-I" "/opt/rustwide/target/debug/build/aoflagger_sys-e1a59e7e7506a32b/out/cxxbridge/include" "-I" "/opt/rustwide/target/debug/build/aoflagger_sys-e1a59e7e7506a32b/out/cxxbridge/crate" "-Wall" "-Wextra" "-std=c++11" "-Wno-nonportable-include-path" "-Wno-unused-parameter" "-o" "/opt/rustwide/target/debug/build/aoflagger_sys-e1a59e7e7506a32b/out/cxxbridge/sources/aoflagger_sys/src/cxx_aoflagger.rs.o" "-c" "/opt/rustwide/target/debug/build/aoflagger_sys-e1a59e7e7506a32b/out/cxxbridge/sources/aoflagger_sys/src/cxx_aoflagger.rs.cc" with args "c++" did not execute successfully (status code exit status: 1).
[INFO] [stderr] 
[INFO] [stderr] 
[INFO] [stderr] warning: build failed, waiting for other jobs to finish...
[INFO] running `Command { std: "docker" "inspect" "e2dc0781e4088fc480b133f05d853116bafb6dfbb352e968ea23af3b9a538bc8", kill_on_drop: false }`
[INFO] running `Command { std: "docker" "rm" "-f" "e2dc0781e4088fc480b133f05d853116bafb6dfbb352e968ea23af3b9a538bc8", kill_on_drop: false }`
[INFO] [stdout] e2dc0781e4088fc480b133f05d853116bafb6dfbb352e968ea23af3b9a538bc8
